{"id":42,"date":"2019-09-30T20:33:05","date_gmt":"2019-09-30T18:33:05","guid":{"rendered":"http:\/\/eroticphotography.site\/?page_id=42"},"modified":"2025-01-01T16:38:05","modified_gmt":"2025-01-01T15:38:05","slug":"home","status":"publish","type":"page","link":"https:\/\/www.eroticagency.de\/","title":{"rendered":"Home"},"content":{"rendered":"\t\t<div data-elementor-type=\"wp-page\" data-elementor-id=\"42\" class=\"elementor elementor-42\">\n\t\t\t\t\t\t<section class=\"elementor-section elementor-top-section elementor-element elementor-element-df52061 elementor-section-boxed elementor-section-height-default elementor-section-height-default\" data-id=\"df52061\" data-element_type=\"section\">\n\t\t\t\t\t\t<div class=\"elementor-container elementor-column-gap-default\">\n\t\t\t\t\t<div class=\"elementor-column elementor-col-100 elementor-top-column elementor-element elementor-element-19e55f9\" data-id=\"19e55f9\" data-element_type=\"column\">\n\t\t\t<div class=\"elementor-widget-wrap elementor-element-populated\">\n\t\t\t\t\t\t<div class=\"elementor-element elementor-element-0ee8d1a elementor-widget-divider--view-line elementor-widget elementor-widget-divider\" data-id=\"0ee8d1a\" data-element_type=\"widget\" data-widget_type=\"divider.default\">\n\t\t\t\t<div class=\"elementor-widget-container\">\n\t\t\t\t\t\t\t<div class=\"elementor-divider\">\n\t\t\t<span class=\"elementor-divider-separator\">\n\t\t\t\t\t\t<\/span>\n\t\t<\/div>\n\t\t\t\t\t\t<\/div>\n\t\t\t\t<\/div>\n\t\t\t\t<div class=\"elementor-element elementor-element-0aeb2a6 elementor-widget elementor-widget-heading\" data-id=\"0aeb2a6\" data-element_type=\"widget\" data-widget_type=\"heading.default\">\n\t\t\t\t<div class=\"elementor-widget-container\">\n\t\t\t\t\t<h2 class=\"elementor-heading-title elementor-size-default\">Music, dance, sensual and erotic videos and more....<\/h2>\t\t\t\t<\/div>\n\t\t\t\t<\/div>\n\t\t\t\t<div class=\"elementor-element elementor-element-d63a642 elementor-widget-divider--view-line elementor-widget elementor-widget-divider\" data-id=\"d63a642\" data-element_type=\"widget\" data-widget_type=\"divider.default\">\n\t\t\t\t<div class=\"elementor-widget-container\">\n\t\t\t\t\t\t\t<div class=\"elementor-divider\">\n\t\t\t<span class=\"elementor-divider-separator\">\n\t\t\t\t\t\t<\/span>\n\t\t<\/div>\n\t\t\t\t\t\t<\/div>\n\t\t\t\t<\/div>\n\t\t\t\t\t<\/div>\n\t\t<\/div>\n\t\t\t\t\t<\/div>\n\t\t<\/section>\n\t\t\t\t<section class=\"elementor-section elementor-top-section elementor-element elementor-element-873dde7 elementor-section-boxed elementor-section-height-default elementor-section-height-default\" data-id=\"873dde7\" data-element_type=\"section\">\n\t\t\t\t\t\t<div class=\"elementor-container elementor-column-gap-default\">\n\t\t\t\t\t<div class=\"elementor-column elementor-col-100 elementor-top-column elementor-element elementor-element-bef4387\" data-id=\"bef4387\" data-element_type=\"column\">\n\t\t\t<div class=\"elementor-widget-wrap elementor-element-populated\">\n\t\t\t\t\t\t<div class=\"elementor-element elementor-element-25b38ca elementor-widget elementor-widget-text-editor\" data-id=\"25b38ca\" data-element_type=\"widget\" data-widget_type=\"text-editor.default\">\n\t\t\t\t<div class=\"elementor-widget-container\">\n\t\t\t\t\t\t\t\t\t<h4><span style=\"font-weight: inherit;\" class=\"gt3_font-weight\">Hallo<\/span><\/h4><p>\u00a0<\/p><h4><span style=\"font-weight: inherit;\" class=\"gt3_font-weight\">Wir arbeiten an unserer Webseite welche bald umfassende unsere Arbeiten pr\u00e4sentieren wird.<\/span><\/h4><p>\u00a0<\/p><h4><span style=\"font-weight: inherit;\" class=\"gt3_font-weight\">Wir produzieren Musicvideos f\u00fcr S\u00e4nger, Rapper und andere K\u00fcnstler.<\/span><\/h4><p>\u00a0<\/p><h4><span style=\"font-weight: inherit;\" class=\"gt3_font-weight\">Wir erstellen sinnliche und erotische Videos f\u00fcr Contentcreators und Modelle.<\/span><\/h4><p>\u00a0<\/p><h4><span class=\"gt3_font-weight\">Du bist interessiert? dann erfahre in K\u00fcrze mehr \u00fcber unsere Arbeiten.<\/span><\/h4><h4>\u00a0<\/h4><h4>Das Eroticagency.de Team<\/h4>\t\t\t\t\t\t\t\t<\/div>\n\t\t\t\t<\/div>\n\t\t\t\t\t<\/div>\n\t\t<\/div>\n\t\t\t\t\t<\/div>\n\t\t<\/section>\n\t\t\t\t<section class=\"elementor-section elementor-top-section elementor-element elementor-element-7cd8ce2 elementor-section-boxed elementor-section-height-default elementor-section-height-default\" data-id=\"7cd8ce2\" data-element_type=\"section\">\n\t\t\t\t\t\t<div class=\"elementor-container elementor-column-gap-default\">\n\t\t\t\t\t<div class=\"elementor-column elementor-col-100 elementor-top-column elementor-element elementor-element-a8acc54\" data-id=\"a8acc54\" data-element_type=\"column\">\n\t\t\t<div class=\"elementor-widget-wrap elementor-element-populated\">\n\t\t\t\t\t\t<div class=\"elementor-element elementor-element-86a4486 elementor-widget-divider--view-line elementor-widget elementor-widget-divider\" data-id=\"86a4486\" data-element_type=\"widget\" data-widget_type=\"divider.default\">\n\t\t\t\t<div class=\"elementor-widget-container\">\n\t\t\t\t\t\t\t<div class=\"elementor-divider\">\n\t\t\t<span class=\"elementor-divider-separator\">\n\t\t\t\t\t\t<\/span>\n\t\t<\/div>\n\t\t\t\t\t\t<\/div>\n\t\t\t\t<\/div>\n\t\t\t\t\t<\/div>\n\t\t<\/div>\n\t\t\t\t\t<\/div>\n\t\t<\/section>\n\t\t\t\t<\/div>\n\t\t","protected":false},"excerpt":{"rendered":"<p>Music, dance, sensual and erotic videos and more&#8230;. Hallo \u00a0 Wir arbeiten an unserer Webseite welche bald umfassende unsere Arbeiten pr\u00e4sentieren wird. \u00a0 Wir produzieren Musicvideos f\u00fcr S\u00e4nger, Rapper und andere K\u00fcnstler. \u00a0 Wir erstellen sinnliche und erotische Videos f\u00fcr Contentcreators und Modelle. \u00a0 Du bist interessiert? dann erfahre in K\u00fcrze mehr \u00fcber unsere Arbeiten. [&hellip;]<\/p>\n","protected":false},"author":1,"featured_media":0,"parent":0,"menu_order":0,"comment_status":"closed","ping_status":"closed","template":"","meta":{"footnotes":""},"class_list":["post-42","page","type-page","status-publish","hentry"],"yoast_head":"<!-- This site is optimized with the Yoast SEO plugin v24.9 - https:\/\/yoast.com\/wordpress\/plugins\/seo\/ -->\n<title>Home | Erotic-Agency<\/title>\n<meta name=\"description\" content=\"Music, dance, sensual and erotic videos and more.... www.eroticagency.de\" \/>\n<meta name=\"robots\" content=\"noindex, follow, max-snippet:-1, max-image-preview:large, max-video-preview:-1\" \/>\n<meta property=\"og:locale\" content=\"de_DE\" \/>\n<meta property=\"og:type\" content=\"article\" \/>\n<meta property=\"og:title\" content=\"Home | Erotic-Agency\" \/>\n<meta property=\"og:description\" content=\"Music, dance, sensual and erotic videos and more.... www.eroticagency.de\" \/>\n<meta property=\"og:url\" content=\"https:\/\/www.eroticagency.de\/\" \/>\n<meta property=\"og:site_name\" content=\"Erotic-Agency\" \/>\n<meta property=\"article:modified_time\" content=\"2025-01-01T15:38:05+00:00\" \/>\n<meta name=\"twitter:card\" content=\"summary_large_image\" \/>\n<meta name=\"twitter:label1\" content=\"Gesch\u00e4tzte Lesezeit\" \/>\n\t<meta name=\"twitter:data1\" content=\"1\u00a0Minute\" \/>\n<script type=\"application\/ld+json\" class=\"yoast-schema-graph\">{\"@context\":\"https:\/\/schema.org\",\"@graph\":[{\"@type\":\"WebPage\",\"@id\":\"https:\/\/www.eroticagency.de\/\",\"url\":\"https:\/\/www.eroticagency.de\/\",\"name\":\"Home | Erotic-Agency\",\"isPartOf\":{\"@id\":\"https:\/\/www.eroticagency.de\/#website\"},\"datePublished\":\"2019-09-30T18:33:05+00:00\",\"dateModified\":\"2025-01-01T15:38:05+00:00\",\"description\":\"Music, dance, sensual and erotic videos and more.... www.eroticagency.de\",\"breadcrumb\":{\"@id\":\"https:\/\/www.eroticagency.de\/#breadcrumb\"},\"inLanguage\":\"de\",\"potentialAction\":[{\"@type\":\"ReadAction\",\"target\":[\"https:\/\/www.eroticagency.de\/\"]}]},{\"@type\":\"BreadcrumbList\",\"@id\":\"https:\/\/www.eroticagency.de\/#breadcrumb\",\"itemListElement\":[{\"@type\":\"ListItem\",\"position\":1,\"name\":\"Startseite\",\"item\":\"https:\/\/www.eroticagency.de\/\"},{\"@type\":\"ListItem\",\"position\":2,\"name\":\"Home\"}]},{\"@type\":\"WebSite\",\"@id\":\"https:\/\/www.eroticagency.de\/#website\",\"url\":\"https:\/\/www.eroticagency.de\/\",\"name\":\"Erotic-Agency\",\"description\":\"You found what you are looking for\",\"potentialAction\":[{\"@type\":\"SearchAction\",\"target\":{\"@type\":\"EntryPoint\",\"urlTemplate\":\"https:\/\/www.eroticagency.de\/?s={search_term_string}\"},\"query-input\":{\"@type\":\"PropertyValueSpecification\",\"valueRequired\":true,\"valueName\":\"search_term_string\"}}],\"inLanguage\":\"de\"}]}<\/script>\n<!-- \/ Yoast SEO plugin. -->","yoast_head_json":{"title":"Home | Erotic-Agency","description":"Music, dance, sensual and erotic videos and more.... www.eroticagency.de","robots":{"index":"noindex","follow":"follow","max-snippet":"max-snippet:-1","max-image-preview":"max-image-preview:large","max-video-preview":"max-video-preview:-1"},"og_locale":"de_DE","og_type":"article","og_title":"Home | Erotic-Agency","og_description":"Music, dance, sensual and erotic videos and more.... www.eroticagency.de","og_url":"https:\/\/www.eroticagency.de\/","og_site_name":"Erotic-Agency","article_modified_time":"2025-01-01T15:38:05+00:00","twitter_card":"summary_large_image","twitter_misc":{"Gesch\u00e4tzte Lesezeit":"1\u00a0Minute"},"schema":{"@context":"https:\/\/schema.org","@graph":[{"@type":"WebPage","@id":"https:\/\/www.eroticagency.de\/","url":"https:\/\/www.eroticagency.de\/","name":"Home | Erotic-Agency","isPartOf":{"@id":"https:\/\/www.eroticagency.de\/#website"},"datePublished":"2019-09-30T18:33:05+00:00","dateModified":"2025-01-01T15:38:05+00:00","description":"Music, dance, sensual and erotic videos and more.... www.eroticagency.de","breadcrumb":{"@id":"https:\/\/www.eroticagency.de\/#breadcrumb"},"inLanguage":"de","potentialAction":[{"@type":"ReadAction","target":["https:\/\/www.eroticagency.de\/"]}]},{"@type":"BreadcrumbList","@id":"https:\/\/www.eroticagency.de\/#breadcrumb","itemListElement":[{"@type":"ListItem","position":1,"name":"Startseite","item":"https:\/\/www.eroticagency.de\/"},{"@type":"ListItem","position":2,"name":"Home"}]},{"@type":"WebSite","@id":"https:\/\/www.eroticagency.de\/#website","url":"https:\/\/www.eroticagency.de\/","name":"Erotic-Agency","description":"You found what you are looking for","potentialAction":[{"@type":"SearchAction","target":{"@type":"EntryPoint","urlTemplate":"https:\/\/www.eroticagency.de\/?s={search_term_string}"},"query-input":{"@type":"PropertyValueSpecification","valueRequired":true,"valueName":"search_term_string"}}],"inLanguage":"de"}]}},"_links":{"self":[{"href":"https:\/\/www.eroticagency.de\/index.php\/wp-json\/wp\/v2\/pages\/42","targetHints":{"allow":["GET"]}}],"collection":[{"href":"https:\/\/www.eroticagency.de\/index.php\/wp-json\/wp\/v2\/pages"}],"about":[{"href":"https:\/\/www.eroticagency.de\/index.php\/wp-json\/wp\/v2\/types\/page"}],"author":[{"embeddable":true,"href":"https:\/\/www.eroticagency.de\/index.php\/wp-json\/wp\/v2\/users\/1"}],"replies":[{"embeddable":true,"href":"https:\/\/www.eroticagency.de\/index.php\/wp-json\/wp\/v2\/comments?post=42"}],"version-history":[{"count":149,"href":"https:\/\/www.eroticagency.de\/index.php\/wp-json\/wp\/v2\/pages\/42\/revisions"}],"predecessor-version":[{"id":628,"href":"https:\/\/www.eroticagency.de\/index.php\/wp-json\/wp\/v2\/pages\/42\/revisions\/628"}],"wp:attachment":[{"href":"https:\/\/www.eroticagency.de\/index.php\/wp-json\/wp\/v2\/media?parent=42"}],"curies":[{"name":"wp","href":"https:\/\/api.w.org\/{rel}","templated":true}]}}